h be d(-42). Suppose 102*o = 112*o - h. What are the prime factors of o?
5, 101
Let h = -12115 + 20636. List the prime factors of h.
8521
Let y(r) be the second derivative of r**5/20 - 5*r**4/12 + 4*r**3/3 + 2*r**2 - 11*r. Let u be y(7). Let v = -108 + u. List the prime factors of v.
2, 5
Suppose -105 = -v - 5*l, v + 4*l - 95 = 10. Let z = v + -315. Let i = z + 319. List the prime factors of i.
109
Suppose 34474 - 71694 - 111240 = -4*j. List the prime factors of j.
5, 13, 571
List the prime factors of -20 + 609696/18 + -7.
5, 7, 967
Suppose 70*h - 34839 = 400281. List the prime factors of h.
2, 3, 7, 37
Suppose -4*y - 93*w + 92*w + 17598 = 0, -3*y - w = -13200. What are the prime factors of y?
2, 3, 733
Let p = -3745 + 10387. What are the prime factors of p?
2, 3, 41
What are the prime factors of (6/9)/((-124)/(-8609754))?
41, 1129
Let o = 6371 - 695. What are the prime factors of o?
2, 3, 11, 43
Let t be ((36/(-21))/2)/((-16)/(-112)). List the prime factors of (-4)/t + (27951/(-9))/(-11).
283
Let p = 18125 + 11781. What are the prime factors of p?
2, 19, 787
Suppose k = -4*s + 22812, 0 = -3*s - 2*k + 3*k + 17102. List the prime factors of s.
2, 2851
Suppose -19*l + 27*l = 12280. Let u = l + -972. List the prime factors of u.
563
Suppose 15*c - 28 - 47 = 0. Suppose 376 = 4*u - 2*y, 0*u + 2*y = c*u - 471. List the prime factors of u.
5, 19
Let l = 34 + -27. Let n = 88 - l. Suppose 3*z - 246 = -n. List the prime factors of z.
5, 11
Suppose -l - 3 = -5. Let y(i) = 34*i**2 - 3. Let h be y(l). Let o = h - 56. List the prime factors of o.
7, 11
Let x = -2967 - -4465. What are the prime factors of x?
2, 7, 107
Let o(g) = 174*g**2 - 15*g - 121. Let r be o(-13). Suppose -r = -38*v + 18*v. What are the prime factors of v?
2, 11, 67
Suppose -4312 = 18*d - 54514. Suppose o - d = -4*v, -3 = -5*o + 6*o. List the prime factors of v.
2, 349
Suppose f - 6*f = 15. Let u be ((-12)/f + -5)*6. Let t(a) = 2*a**2 - a + 5. List the prime factors of t(u).
83
Let u(k) = -7*k**2 + 0*k - 9*k + 3*k - 22*k**3 + 23*k**3 + 13. What are the prime factors of u(11)?
431
Let s be ((-5)/20*-6)/((-3)/(-4)). Suppose g - 1218 = -g. Suppose -s*c - 5*c = -g. What are the prime factors of c?
3, 29
Suppose 3*p = -12, -58 = -5*w - 4*p + p. Let i(l) = l**2 - 11*l - 33. Let n be i(w). Let x(c) = -c**2 + 20*c + 17. List the prime factors of x(n).
2, 29
Let s be (-10)/(-25) - 53/(-5). Let c(k) = k**3 - 3*k**2 - 29*k + 17. What are the prime factors of c(s)?
2, 3, 37
Let p = 28728 + -16217. List the prime factors of p.
12511
Let l(w) = -8*w**3 - 30*w**2 - 284*w + 36. List the prime factors of l(-13).
2, 8117
Let s = 5834 - 5066. What are the prime factors of s?
2, 3
Let s(y) = 182*y + 2924. What are the prime factors of s(95)?
2, 3, 1123
Suppose w - 1718 = 2*z - 350, 5*w = 0. Let c = 1023 + z. List the prime factors of c.
3, 113
Suppose -w + 6*w = 420. Let u = -21 + -26. Let k = w - u. List the prime factors of k.
131
What are the prime factors of -8 + (8 - (-8)/(-16)) - (-18277)/2?
2, 3, 1523
Let s = -396 + 174. Let f = -38 + s. What are the prime factors of (f/(-8))/(15/(-10) - -2)?
5, 13
Let v = -53 - -58. Suppose 0 = -v*s - 173 - 747. Let r = 289 + s. What are the prime factors of r?
3, 5, 7
Let q(v) = v**3 - 23*v**2 + 15*v - 3. List the prime factors of q(30).
3, 13, 173
Let w be 38/8 + 2/8. Suppose 0 = -w*p - m, -2*p + 3*m = -p. Suppose l - 11*l + 1790 = p. What are the prime factors of l?
179
Let n(k) = -k - 15. Let c be n(-7). List the prime factors of 6 - c*(3 + 51).
2, 3, 73
Let k(w) = 24742*w + 160. List the prime factors of k(1).
2, 12451
Let a be (42/(-5))/(-2*(-2)/20). What are the prime factors of a/8 + 5 - (-1645)/4?
3, 137
Suppose -86369 = -31*f + 137075 - 11342. List the prime factors of f.
2, 11, 311
Suppose 53946 - 808510 = -155*w - 9*w. What are the prime factors of w?
43, 107
Let u(z) = -z**2 + 16*z - 15. Let m be u(13). Let h = 108 + -134. Let q = m - h. What are the prime factors of q?
2, 5
Let n be (-3 + 4)/2 + (-31)/2. Let v be (3 - (-3)/n)/(2/5). Suppose 8*w - v*w - 68 = 0. What are the prime factors of w?
2, 17
Suppose 159*b + 42*b - 539831 = -150494. List the prime factors of b.
13, 149
Suppose -2*i = 4*b + 398, 3*i + 31 = b - 545. Let u = -119 - i. What are the prime factors of u?
2, 37
Suppose 264323 + 32743 = 33*j. Suppose 0 = -3*m + 4*d + 1998 + 3398, 5*m = -2*d + j. List the prime factors of m.
2, 3, 5
Suppose -465 = -3*y - 5*z, -y + 2*y = 5*z + 175. Let v = 326 - y. What are the prime factors of v?
2, 83
Suppose 109*g - 108*g - 377 = 0. Suppose 0 = -g*i + 381*i - 2256. What are the prime factors of i?
2, 3, 47
Let a = 81 + -77. Suppose 5*f - a*f - 4*p = 33, -3*f = 2*p - 127. List the prime factors of f.
41
Let z be ((-84)/(-28))/((-6)/(-4)). Let v be 0*(4 + -4 + -1) + z. Suppose l = 3*r + 2*r - 264, 2*r + v*l = 96. What are the prime factors of r?
2, 13
Let d = -17698 + 30695. What are the prime factors of d?
41, 317
Let o be ((-16)/(-6))/((-14)/(-357)). Let u = 68 - o. Suppose u = -12*x + 13*x - 26. List the prime factors of x.
2, 13
Suppose 3*j - 36 + 248 = -5*d, d + 3*j + 52 = 0. Let s = 43 + d. Suppose 0 = 3*t - 2*o + 162 - 510, -o = -s*t + 351. What are the prime factors of t?
2, 59
Suppose -2 = 19*m - 40. Suppose m*x = 5*x - 183. What are the prime factors of x?
61
Suppose 4*l - 5*y + 1681 = l, 4*y = -5*l - 2777. Let h = l - -938. What are the prime factors of h?
3, 127
Let k(p) = 49*p + 4931. List the prime factors of k(82).
3, 19, 157
Let x(k) = -20*k + 79*k - 25*k + 83 - 29*k. What are the prime factors of x(-12)?
23
Suppose -4*h + 49230 + 27417 = -1453. List the prime factors of h.
5, 11, 71
What are the prime factors of (-30 - -1168)*(4 - 8*-1)?
2, 3, 569
Let k(h) = 164*h + 2321. What are the prime factors of k(51)?
5, 2137
Suppose 0 = 2*r + 5*l + 7 + 1, 0 = -3*r + l + 22. Suppose 0 = d - c - 1321, -r*d + 6635 = -d + c. Suppose 0 = 62*h - 68*h + d. List the prime factors of h.
13, 17
Let l(t) = -t + 21. Let q be l(6). Suppose -235 = -q*f + 5885. List the prime factors of f.
2, 3, 17
Suppose -437*k + 431*k = -2040. Let i = k + 346. List the prime factors of i.
2, 7
Let x(h) = -594*h**3 - 6*h**2 - 326*h - 961. What are the prime factors of x(-3)?
16001
Suppose -3*h = 2*b - 6299, -29*h = 2*b - 34*h - 6339. Let o = b - 1551. List the prime factors of o.
2, 11, 73
Let b be (0 + 7)/(0 + -1). Let m be 2*((-819)/6)/b. List the prime factors of (45/(-20))/(-1 + m/48).
2, 3
Let q(y) be the second derivative of y**3/6 + 8*y**2 + y + 31. Suppose -2*h = 2*h - 28. What are the prime factors of q(h)?
23
Suppose -a - 5*p = -1, 2*a + p = -3*p - 16. Let g be 16/112 - (-254)/a. Let b = g - -101. What are the prime factors of b?
83
Let w(z) = -1961*z - 6718. What are the prime factors of w(-13)?
5, 751
Let z(u) = -2327*u + 3655. List the prime factors of z(-5).
2, 5, 11, 139
Suppose -5*v = r + 12 - 0, -6 = 5*r - 2*v. Let p be (11/22)/(r/(-716)). Suppose 2*u + 4*t - 70 + 8 = 0, 2*t = -5*u + p. What are the prime factors of u?
37
Let a be 1157 - (18/9)/((-2)/4). Let n = a - -59. What are the prime factors of n?
2, 5, 61
What are the prime factors of (5842/2)/(((-209)/(-11))/38)?
2, 23, 127
Let s be -2*2 - (-5 + 1). Suppose -f - 5*a + 499 - 131 = 0, 4*f + 2*a - 1472 = s. What are the prime factors of f?
2, 23
Suppose 3*f - 5*b - 15 = 10, -4*b = 2*f + 20. Suppose -5*i + z + 418 = 8, 3*i - 5*z - 268 = f. List the prime factors of i.
3
Let q(t) = -1 - 4 + 4*t**2 + 0*t**2. Let c = 1077 - 1081. List the prime factors of q(c).
59
Let j(x) = -370*x + 5. Let a be j(0). Let p(h) = h**3 - h**2 + 85. Let d be p(0). List the prime factors of ((-1037)/d)/((-1)/a).
61
Let j = -43 + -10. Let w = j - -55. Suppose -3*h - 2*o = -435, -w*o + 12 = -6*o. What are the prime factors of h?
3, 7
Let c = 126 + -122. Suppose 104 = c*i + 20. What are the prime factors of i?
3, 7
Let u(s) = -4*s**3 - 4*s**2 - 13*s - 19. Let q = 124 - 127. What are the prime factors of u(q)?
2, 23
Suppose -2157*u + 2152*u = -840. Let q = -153 - -268. Let m = u - q. What are the prime factors of m?
53
List the prime factors of (-11)/((-99)/450)*924/8.
3, 5, 7, 11
Let v(g) = 6*g**2 - 7*g - 10. Let d be v(16). Suppose 3*t - 1058 = -r, -t - 3*r + d = 3*t. What are the prime factors of t?
2, 11
Let w = 2258 - 1559. 